7
Calculate the greatest common factor of 120 and 30.
30
Calculate the greatest common divisor of 189 and 35.
7
What is the highest common divisor of 53 and 2809?
53
What is the highest common factor of 378 and 54?
54
What is the highest common factor of 38 and 1197?
19
What is the highest common divisor of 39 and 2145?
39
What is the greatest common factor of 2 and 371?
1
Calculate the greatest common factor of 57 and 1539.
57
Calculate the highest common factor of 75 and 1920.
15
Calculate the highest common factor of 22 and 176.
22
Calculate the highest common factor of 4 and 428.
4
What is the greatest common divisor of 741 and 390?
39
Calculate the greatest common divisor of 2043 and 18.
9
Calculate the greatest common divisor of 144 and 135.
9
What is the highest common factor of 5035 and 665?
95
What is the highest common divisor of 1920 and 60?
60
Calculate the greatest common divisor of 3913 and 182.
91
What is the greatest common factor of 150 and 195?
15
Calculate the greatest common factor of 1345 and 4573.
269
Calculate the highest common divisor of 104 and 65.
13
What is the greatest common divisor of 192 and 12?
12
Calculate the greatest common factor of 8073 and 78.
39
Calculate the highest common factor of 3 and 1263.
3
Calculate the highest common factor of 107 and 856.
107
What is the greatest common divisor of 19 and 266?
19
Calculate the highest common divisor of 2398 and 132.
22
Calculate the greatest common divisor of 10 and 612.
2
What is the greatest common divisor of 3654 and 4437?
261
Calculate the highest common divisor of 1000 and 40.
40
Calculate the highest common factor of 80 and 15.
5
Calculate the greatest common factor of 18 and 378.
18
Calculate the greatest common divisor of 759 and 3013.
23
Calculate the greatest common divisor of 3281 and 68.
17
What is the greatest common divisor of 750 and 6?
6
What is the highest common divisor of 3010 and 35?
35
Calculate the highest common divisor of 41470 and 290.
290
Calculate the highest common divisor of 377 and 87.
29
Calculate the highest common factor of 12 and 2148.
12
What is the highest common factor of 896 and 1504?
32
Calculate the highest common factor of 552 and 24.
24
What is the highest common factor of 17 and 2856?
17
Calculate the greatest common divisor of 6 and 762.
6
Calculate the greatest common divisor of 24 and 536.
8
Calculate the greatest common factor of 405 and 945.
135
What is the highest common factor of 4 and 28?
4
What is the highest common factor of 92 and 230?
46
What is the greatest common factor of 305 and 5?
5
Calculate the greatest common divisor of 4608 and 72.
72
Calculate the highest common factor of 15 and 1920.
15
Calculate the greatest common divisor of 341 and 187.
11
What is the greatest common factor of 68 and 17153?
17
Calculate the highest common factor of 448 and 700.
28
Calculate the greatest common factor of 1510 and 9362.
302
Calculate the greatest common factor of 288 and 108.
36
What is the greatest common divisor of 25 and 15765?
5
What is the greatest common factor of 29 and 2581?
29
What is the highest common factor of 20 and 134?
2
Calculate the greatest common factor of 33 and 561.
33
What is the highest common factor of 460 and 805?
115
Calculate the greatest common factor of 195 and 45.
15
Calculate the greatest common factor of 68 and 119.
17
Calculate the highest common divisor of 189 and 182.
7
What is the highest common divisor of 24 and 16?
8
Calculate the greatest common factor of 180 and 144.
36
What is the greatest common factor of 175 and 44800?
175
Calculate the greatest common divisor of 150 and 750.
150
What is the greatest common divisor of 351 and 54?
27
Calculate the highest common factor of 19 and 1.
1
What is the greatest common factor of 955 and 5?
5
What is the greatest common factor of 82 and 4?
2
Calculate the highest common factor of 560 and 1470.
70
Calculate the highest common divisor of 696 and 48.
24
Calculate the highest common factor of 133 and 6669.
19
What is the greatest common factor of 845 and 390?
65
What is the highest common divisor of 2230 and 70?
10
What is the highest common factor of 2004 and 3?
3
What is the highest common factor of 319 and 3973?
29
Calculate the highest common factor of 103 and 3193.
103
Calculate the greatest common divisor of 3146 and 208.
26
Calculate the greatest common divisor of 85 and 1003.
17
What is the highest common divisor of 16 and 496?
16
What is the highest common divisor of 405 and 2175?
15
Calculate the highest common divisor of 5516 and 28.
28
What is the greatest common factor of 7250 and 58?
58
Calculate the greatest common divisor of 6625 and 875.
125
Calculate the greatest common divisor of 184 and 115.
23
Calculate the highest common factor of 16 and 4.
4
Calculate the greatest common divisor of 42 and 23058.
42
Calculate the highest common factor of 90 and 185.
5
Calculate the highest common divisor of 390 and 150.
30
Calculate the highest common factor of 30 and 21885.
15
What is the highest common factor of 5 and 575?
5
What is the highest common factor of 512 and 200?
8
What is the greatest common divisor of 88 and 40?
8
What is the greatest common divisor of 108 and 36?
36
Calculate the highest common divisor of 85 and 15.
5
What is the greatest common factor of 4 and 548?
4
What is the greatest common divisor of 289 and 17?
17
Calculate the greatest common divisor of 40 and 40.
40
Calculate the highest common factor of 1235 and 117.
13
What is the greatest common divisor of 235 and 40?
5
Calculate the highest common factor of 8 and 256.
8
Calculate the highest common factor of 26 and 1053.
13
Calculate the greatest common factor of 69128 and 8.
8
Calculate the greatest common divisor of 20554 and 86.
86
Calculate the highest common factor of 80 and 50.
10
Calculate the highest common divisor of 7 and 329.
7
What is the highest common divisor of 12024 and 63?
9
What is the greatest common factor of 99 and 649?
11
What is the highest common factor of 3 and 5?
1
Calculate the greatest common divisor of 256 and 1408.
128
Calculate the greatest common factor of 143 and 13.
13
What is the highest common factor of 740 and 999?
37
Calculate the highest common factor of 31 and 992.
31
What is the greatest common factor of 96 and 1032?
24
Calculate the highest common divisor of 5 and 305.
5
What is the highest common factor of 495 and 180?
45
What is the greatest common divisor of 132 and 108?
12
Calculate the greatest common factor of 30 and 21195.
15
What is the greatest common divisor of 558 and 1926?
18
Calculate the greatest common divisor of 627 and 171.
57
What is the highest common divisor of 350 and 63?
7
Calculate the greatest common factor of 28 and 59948.
28
Calculate the greatest common divisor of 174 and 2349.
87
Calculate the highest common factor of 572 and 1760.
44
What is the highest common factor of 212 and 16112?
212
What is the greatest common divisor of 1587 and 69?
69
What is the greatest common divisor of 52 and 356?
4
What is the highest common factor of 116 and 5742?
58
Calculate the greatest common divisor of 204 and 12.
12
What is the greatest common divisor of 18 and 222?
6
Calculate the highest common divisor of 6 and 16.
2
Calculate the highest common divisor of 3410 and 31.
31
What is the greatest common factor of 4240 and 1120?
80
What is the highest common factor of 62 and 25978?
62
Calculate the greatest common divisor of 11716 and 101.
101
What is the highest common divisor of 2600 and 10?
10
Calculate the highest common factor of 28 and 116.
4
What is the highest common divisor of 65 and 247?
13
What is the greatest common divisor of 22 and 5632?
22
Calculate the highest common factor of 54 and 135.
27
What is the highest common divisor of 28 and 602?
14
What is the greatest common factor of 65 and 3835?
65
Calculate the greatest common factor of 1989 and 117.
117
What is the greatest common divisor of 62 and 4247?
31
What is the greatest common divisor of 29 and 493?
29
Calculate the highest common divisor of 231 and 252.
21
Calculate the greatest common factor of 120 and 270.
30
What is the highest common divisor of 20 and 430?
10
What is the highest common factor of 20556 and 18?
18
Ca